pose -3*c + 292 = -5*g - o, -3*c = -g - 481. What is the units digit of c?
1
Suppose -2*b - 28 = 4. What is the tens digit of -90*18/b - (-2)/(-8)?
0
Suppose 5*f - 64 = 2*u, -f - f = 5*u - 43. Suppose 0 = k - f - 4. Let h = 33 - k. What is the tens digit of h?
1
Let u(s) = -4*s - 193. Let q(w) = w**2 + 7*w + 387. Let g(t) = 3*q(t) + 5*u(t). What is the hundreds digit of g(0)?
1
Suppose d - 2*k = 441, 0 = d - 2*d + 3*k + 442. What is the hundreds digit of d?
4
Let i(z) be the second derivative of -z**3 - 53*z**2/2 - 16*z. What is the units digit of i(-22)?
9
Let f(w) = 11*w**2 - w - 21. Let t(h) = -5*h**2 + h + 10. Let l = 13 - 16. Let d(s) = l*f(s) - 7*t(s). What is the units digit of d(5)?
3
Let t(o) = -o**2 - 9*o + 18. Let p be t(-9). Suppose -1194 = p*m - 24*m. What is the tens digit of m?
9
Let x = 13 + 454. What is the units digit of x?
7
Let j = 370 - 190. What is the tens digit of j?
8
Let a = -390 - -487. What is the units digit of a?
7
What is the tens digit of (21/14 + -1)/(3/276)?
4
Suppose -4*w = 5*s - w - 5531, 15 = -5*w. What is the units digit of s?
8
Let x(z) = 2*z + 14. Suppose -3 = l - 0. Let a(c) = -c**3 - 3*c**2 - 3*c + 3. Let t be a(l). What is the tens digit of x(t)?
3
Let p(n) = 3*n**2 - 6*n - 8. Let v = 8 - 12. Let s be p(v). What is the tens digit of (-9)/(-27) + s/6?
1
Let c = -4 + 6. Suppose h + c*q = 89, -3*q + 4*q + 83 = h. What is the tens digit of h?
8
Let g(k) = 3*k**2 + 9*k - 9. Let h be g(-7). Suppose -2*b + h = -5*z, -z - b - 2*b + 2 = 0. Let a = z - -24. What is the tens digit of a?
1
Let a(n) = 453*n**3 + n**2 - 2. What is the tens digit of a(1)?
5
Suppose 7*q - 2*n = 2*q + 19, 2*q - n - 8 = 0. Suppose q*s + 4*m - 118 = -m, m = -3*s + 98. What is the units digit of s?
1
Let c = 111 + 103. What is the hundreds digit of c?
2
Suppose -3*l + 11 = -4. Let o be 580/l + (0 - 0). Suppose 8 = 2*k + 4*t - 38, 4*k = 4*t + o. What is the tens digit of k?
2
Suppose 102*u - 54348 = 88*u. What is the thousands digit of u?
3
Let h(u) = 10*u - 14. Let q(o) = -29*o + 42. Let z(y) = 11*h(y) + 4*q(y). What is the units digit of z(-7)?
6
Let z be ((-45)/10 - -3)*48/(-9). Let b(m) = -m - 1. Let v(d) = 7*d - 7. Let o(k) = 4*b(k) + v(k). What is the units digit of o(z)?
3
Suppose -4*r - 19 = 57. Let i = r + 27. Suppose -u = -0*u - i. What is the units digit of u?
8
Let y = 17 - 17. Let c be (-6)/10 - (-336)/10. Suppose y = 3*n + 5*m - 91 + c, -88 = -5*n - 4*m. What is the tens digit of n?
1
Let y be 462/7 + (-1 + 1 - -1). Suppose -14 = -3*k + y. What is the units digit of k?
7
Let b be 2*(-3)/(-6) - -1. Suppose 274 = b*r + 26. Suppose 0 = 4*n + 5*a - 163, -2*a + r = 2*n + n. What is the units digit of n?
2
Suppose 3*z = -3*p - 2*p + 649, -3*p = -3*z + 609. What is the tens digit of z?
0
Suppose -8*t = -5*t. Suppose t = -i + 10 + 7. Suppose 2*b - i + 91 = 4*a, a - 2 = -5*b. What is the units digit of a?
7
Suppose 0 = -3*w + 2*f + 816 - 141, -3*f - 232 = -w. What is the hundreds digit of w?
2
Let z(p) = p**2 - 14*p + 2. Let l be z(14). Suppose l*b - 25 = -9. Let m(n) = 2*n - 7. What is the units digit of m(b)?
9
Let v = -12 - -11. What is the hundreds digit of (v - 3) + 136 + -3?
1
Suppose 0 = 12*x - 6999 - 2553. What is the units digit of x?
6
Let v be ((-3)/5)/(1/5). Let b(a) = 4*a**2 + 8*a + 13. What is the units digit of b(v)?
5
Let x be (-1 - 0) + -1 + 5. Suppose -2*k + n = -0 - 16, x*k = -n + 14. Suppose 4*g - k*g = -30. What is the tens digit of g?
1
Let r be (3 - -3 - 3)*-1. What is the units digit of 57 - (3 + 1 + r)?
6
Suppose s - 17 - 27 = 0. Suppose -2*l - 3*u + s = -0*l, 0 = -3*u + 12. Let m = -15 + l. What is the units digit of m?
1
What is the units digit of 3 - (-8)/2 - -1771?
8
What is the units digit of (-2)/(3/15 + 1116/(-5355))?
8
Suppose 3*q = -4*m + 261, 2*q + 4 = 2. Let t = m - 39. What is the tens digit of t?
2
Let s be 28/70 - (-36)/10. Suppose s*l = 2*l + 90. What is the tens digit of l?
4
Let n(g) = -24*g - 40. What is the hundreds digit of n(-15)?
3
Suppose -15 = -w - 1. Let n = w - 13. What is the units digit of n?
1
What is the units digit of (28/(-10))/((-4)/600*2)?
0
Let i be ((-2)/5)/((-2)/40). What is the units digit of (-16)/i + 5 + -2?
1
Let d(h) = -h + 16. Let w be d(14). What is the tens digit of ((-1)/w + -10 + 0)*-4?
4
Suppose -17 = -2*b - 1. Let x(z) = -z**2 + 8*z + 1. Let c be x(b). What is the tens digit of 4 - (-2 + c*-30)?
3
Suppose -2*b - 6 = 0, 3*i - 10 = b - 58. Let z = i - -168. What is the hundreds digit of z?
1
Let j(r) be the first derivative of r**4/4 - 4*r**3/3 - 7*r**2 - 2*r + 3. Let m be j(6). Let n = m - -19. What is the units digit of n?
5
Let o = -75 - -105. Suppose -4*i + g = 181, 2*i = -3*g - 71 - o. Let b = -20 - i. What is the units digit of b?
6
Let u be 0 + 2 + 3 + -1. Let j be u - (3 - 1) - -1. Suppose -4*r = -5*q - 43, 0 = -9*r + 4*r + j*q + 70. What is the tens digit of r?
1
Let n be 1/1 + 164 + 3. Suppose -2*r + 7*r = -4*m + 420, 2*r - n = m. Suppose x + 3*x - r = 0. What is the units digit of x?
1
Let c = -57 - -60. Let r be 0/(1*(-1 + 0)). What is the tens digit of r/c + 28 - 1?
2
Let s be (-15)/(-6)*(-7)/(35/(-10)). Suppose 4*p + 274 = 5*p + 2*x, 3*p - s*x = 789. What is the units digit of p?
8
Suppose -5*h - 6 = 14. Let q = -2 - h. What is the units digit of q?
2
Let b(u) = u + 1. Let c(p) = p**2 - 26*p - 18. Let z(s) = 4*b(s) + c(s). What is the units digit of z(23)?
9
Let s = -69 + 61. Let y = 2 - 1. What is the units digit of y + (-3)/(12/s)?
3
Let x(d) = -25*d + 37. Let s be x(-11). Let g = -20 + s. What is the hundreds digit of g?
2
Let n(o) = -3*o**3 + 7*o**2 + 4*o - 5. Let l(f) = 7*f**3 - 15*f**2 - 8*f + 11. Let h(v) = 2*l(v) + 5*n(v). What is the units digit of h(4)?
9
Suppose -5*i + 134 = 6*p - 3*p, -4*p - 2*i + 174 = 0. Suppose 0 = 2*s - p - 69. Suppose 2*k + 28 = q - k, -5*k + s = 3*q. What is the tens digit of q?
2
Suppose 26 + 24 = -2*n. Let c be n/10*(-12)/5. Suppose -c*z + 168 = -0*z. What is the units digit of z?
8
Suppose -5*t + d + 3 = 4*d, 4*t = -2*d + 2. Suppose t = 2*n - n - 9. Suppose 0 = -b + 14 - n. What is the units digit of b?
5
Let u = -30 - -34. Suppose -2*f - 4*l + 3*l + 121 = 0, u*l + 12 = 0. What is the units digit of f?
2
Let s(u) = u**2 + 3*u - 6. Let d be s(-5). Let f = 11 + -3. Suppose -4*n = d - f. What is the units digit of n?
1
Let v = -62 + 44. Suppose -d - 15 = 5*j, 2*d + 16 = 5*j - 8*j. What is the tens digit of (v/j)/(1/2)?
1
Let j = -124 + 243. Let o = j - 50. What is the tens digit of o?
6
Let h be (-10 - -20)*((-170)/4)/(-1). Let b = 640 - h. What is the units digit of b?
5
Let v(r) = -3*r**3 - 2*r**2 - r - 2. Let p(j) = 4*j**3 - 3*j**3 + 0*j**3 - 1 - 1 + 6*j**2 - 7*j. Let a be p(-7). What is the tens digit of v(a)?
1
Let z be 4 - 0/(-3)*(2 - 1). Suppose -z*o - 201 = -4*j - 9, 5*o - 128 = -3*j. What is the tens digit of j?
4
Let b(w) = -8*w**2 + 3*w + 3. Let u be b(-4). Let g = 203 + u. Suppose -j - o - 4*o + 33 = 0, 3*j + 4*o = g. What is the tens digit of j?
1
What is the tens digit of (-2 + (-63)/6)*704/(-20)?
4
Let l(d) be the first derivative of -d**4/4 - 3*d**3 + 22*d - 13. What is the units digit of l(-9)?
2
Let t be (-2)/((-64)/31 - -2). Let m = t - -24. What is the units digit of m?
5
Let y(n) = n + 1. Let m(b) = -b. Let a(k) = -3*m(k) - 6*y(k). Let l be a(-4). Suppose 12 = 3*z, 3*r + 4*z - 22 = l. What is the units digit of r?
4
Let n(d) = -2*d**2 - 9*d + 2. Let s be n(-4). Let m(l) = -l**2 - 4 - 15*l + 1 - s - 1. What is the tens digit of m(-10)?
4
Let l(h) = -889*h**3 - 2*h - 2. What is the hundreds digit of l(-1)?
8
What is the hundreds digit of (-3 + 4)/(5/2095) - -4?
4
Suppose 27 + 171 = 9*g. What is the units digit of g?
2
Let n be (-2)/(-4) - (-10)/4. Suppose -3*f + 1 + 8 = 0. Suppose -f*c - c - 126 = -5*j, n*j - 54 = -3*c. What is the units digit of j?
2
Suppose 15 = -8*z + 5*z. Let u = 2 - z. Suppose -5*c + u*n = 2*n - 130, n - 3 = 0. What is the tens digit of c?
2
Suppose -n + 18 = -3*q, -2*n + 2*q = -3*n - 2. Suppose 0 = -3*k + 6*k + n. What is the units digit of -38*(15/(-6) - k)?
9
Suppose 0 = k - 27 - 33. What is the tens digit of k?
6
Suppose -2*q + f = 14, 5*q - 5*f + 45 = -0*q. What is the units digit of q*14/21*(0 - 18)?
0
Let h = 9 + -4. Let s be -2 + ((-6)/(-1))/1. Suppose -4*i = -3